5, 11, 19, 313
What are the prime factors of 2189435287?
13, 17, 139, 263, 271
What are the prime factors of 1470524600?
2, 5, 283, 25981
List the prime factors of 233078373.
3, 11, 461, 5107
List the prime factors of 45016021.
45016021
List the prime factors of 2980387759.
17, 97, 1807391
What are the prime factors of 501188349?
3, 43, 3885181
List the prime factors of 408988267.
73, 5602579
What are the prime factors of 6808981?
179, 38039
What are the prime factors of 1186693814?
2, 593346907
List the prime factors of 58268844.
2, 3, 23, 70373
What are the prime factors of 129216071?
137, 943183
What are the prime factors of 212527569?
3, 70842523
What are the prime factors of 3327671992?
2, 53, 197, 39839
What are the prime factors of 44519310?
2, 3, 5, 11, 193, 233
List the prime factors of 2707965.
3, 5, 13, 1543
What are the prime factors of 4944444633?
3, 183127579
What are the prime factors of 2801886477?
3, 13, 389, 184687
What are the prime factors of 30934102?
2, 15467051
What are the prime factors of 2488632?
2, 3, 97, 1069
List the prime factors of 2560038.
2, 3, 13, 23, 1427
What are the prime factors of 555296528?
2, 4073, 8521
List the prime factors of 66492580.
2, 5, 7, 11, 43177
List the prime factors of 862420073.
4241, 203353
List the prime factors of 116989332.
2, 3, 9749111
What are the prime factors of 1560593785?
5, 19, 31, 163, 3251
List the prime factors of 27165117.
3, 7, 19, 103, 661
List the prime factors of 9720375.
3, 5, 7, 23
List the prime factors of 13584551.
47, 289033
List the prime factors of 111383958.
2, 3, 7, 439, 863
List the prime factors of 7484064.
2, 3, 7, 37, 43
What are the prime factors of 2394280?
2, 5, 7, 17, 503
What are the prime factors of 259708219?
259708219
What are the prime factors of 411936994?
2, 7, 5081, 5791
What are the prime factors of 154896782?
2, 193, 401287
What are the prime factors of 706637515?
5, 83, 1702741
List the prime factors of 5966289.
3, 7, 83, 163
List the prime factors of 352006460.
2, 5, 13, 107, 12653
List the prime factors of 7244398355.
5, 79, 173, 106013
List the prime factors of 4361030.
2, 5, 23, 67, 283
What are the prime factors of 101831979?
3, 691, 49123
What are the prime factors of 856300768?
2, 37, 723227
What are the prime factors of 16186024?
2, 19, 106487
What are the prime factors of 500976171?
3, 41, 251, 601
List the prime factors of 162064155.
3, 5, 11, 79, 12433
What are the prime factors of 2943909223?
1171, 2514013
What are the prime factors of 95456737?
95456737
List the prime factors of 2536272.
2, 3, 19, 103
List the prime factors of 21938686.
2, 7, 11, 43, 3313
List the prime factors of 397358273.
13, 1987, 15383
What are the prime factors of 2125093952?
2, 33204593
List the prime factors of 604211708.
2, 293, 515539
List the prime factors of 78035963.
79, 987797
List the prime factors of 58119037.
227, 256031
What are the prime factors of 180411501?
3, 127, 359, 1319
List the prime factors of 1118570798.
2, 559285399
List the prime factors of 15350407.
23, 251, 2659
List the prime factors of 85125602.
2, 42562801
What are the prime factors of 3862916221?
3862916221
What are the prime factors of 76096851?
3, 2837, 8941
List the prime factors of 28599119.
233, 122743
List the prime factors of 399657496.
2, 7, 113, 137, 461
List the prime factors of 21963822.
2, 3, 3660637
List the prime factors of 518238668.
2, 23, 137, 41117
What are the prime factors of 91898218?
2, 45949109
What are the prime factors of 47416304?
2, 13, 311, 733
What are the prime factors of 4853477?
4853477
What are the prime factors of 154728541?
11, 14066231
What are the prime factors of 147611515?
5, 29522303
What are the prime factors of 1184136485?
5, 7, 23, 1470977
What are the prime factors of 7316702546?
2, 23, 73, 383, 5689
What are the prime factors of 3228058967?
7, 367, 1256543
List the prime factors of 4503253142.
2, 61, 269, 137219
List the prime factors of 227873973.
3, 19, 1129, 3541
What are the prime factors of 297106988?
2, 74276747
List the prime factors of 58451379.
3, 7, 37, 75227
List the prime factors of 156440666.
2, 41, 199, 9587
List the prime factors of 82372118.
2, 3797, 10847
What are the prime factors of 1271461212?
2, 3, 7, 17, 673
What are the prime factors of 634127753?
7, 90589679
List the prime factors of 43118798.
2, 41, 525839
What are the prime factors of 4817883915?
3, 5, 13, 1049, 2617
What are the prime factors of 269739087?
3, 131, 686359
List the prime factors of 57108854.
2, 11, 47, 5021
List the prime factors of 121872064.
2, 269, 7079
List the prime factors of 55231131.
3, 4243, 4339
List the prime factors of 2351019764.
2, 191, 3077251
List the prime factors of 163098386.
2, 11, 7413563
What are the prime factors of 1539540230?
2, 5, 17, 9056119
What are the prime factors of 1040178486?
2, 3, 4987, 34763
List the prime factors of 25262339.
461, 54799
What are the prime factors of 1875935214?
2, 3, 1597, 2417
List the prime factors of 2752971697.
7, 79, 491, 10139
List the prime factors of 811569008.
2, 50723063
What are the prime factors of 464960103?
3, 29, 31, 172399
What are the prime factors of 165920447?
7, 11, 2154811
What are the prime factors of 547354820?
2, 5, 701, 39041
What are the prime factors of 2296487958?
2, 3, 382747993
List the prime factors of 39539184.
2, 3, 79, 10427
What are the prime factors of 52597956?
2, 3, 4383163
What are the prime factors of 912292221?
3, 304097407
List the prime factors of 391505507.
19, 20605553
List the prime factors of 169468683.
3, 56489561
What are the prime factors of 3741766916?
2, 935441729
What are the prime factors of 204200835?
3, 5, 131, 103919
What are the prime factors of 55656107?
13, 641, 6679
What are the prime factors of 4688547866?
2, 41, 101, 211, 2683
List the prime factors of 558625508.
2, 7, 17, 1173583
What are the prime factors of 168278443?
59, 61, 46757
What are the prime factors of 87295364?
2, 13, 1678757
What are the prime factors of 23703147?
3, 13, 202591
List the prime factors of 738684132.
2, 3, 37, 1663703
List the prime factors of 282083352.
2, 3, 449, 26177
List the prime factors of 5702996745.
3, 5, 107, 1184423
What are the prime factors of 63098030?
2, 5, 1789, 3527
List the prime factors of 221161894.
2, 110580947
List the prime factors of 5130334673.
5130334673
List the prime factors of 905929445.
5, 67, 1399, 1933
What are the prime factors of 33705774?
2, 3, 53, 11777
List the prime factors of 1524458545.
5, 304891709
What are the prime factors of 4164186082?
2, 7, 167, 1781089
List the prime factors of 37815080.
2, 5, 945377
What are the prime factors of 32719358?
2, 7, 333871
List the prime factors of 2411592107.
971, 2483617
List the prime factors of 783981571.
17, 677, 4007
What are the prime factors of 5626752080?
2, 5, 1049, 67049
List the prime factors of 291994660.
2, 5, 19, 23, 33409
What are the prime factors of 354959661?
3, 7, 16902841
List the prime factors of 109677715.
5, 7, 457, 6857
List the prime factors of 131237790.
2, 3, 5, 17, 15137
What are the prime factors of 288294845?
5, 61, 557, 1697
What are the prime factors of 438477460?
2, 5, 401, 54673
List the prime factors of 4783649470.
2, 5, 29, 149, 743
What are the prime factors of 114257946?
2, 3, 11, 1731181
What are the prime factors of 235673381?
235673381
What are the prime factors of 28887664?
2, 13, 138883
What are the prime factors of 30836247?
3, 13, 60821
What are the prime factors of 51686402?
2, 2063, 12527
What are the prime factors of 69100078?
2, 34550039
What are the prime factors of 7005163640?
2, 5, 233, 751627
List the prime factors of 5668887215.
5, 19, 59672497
List the prime factors of 1542897842.
2, 67, 107, 107609
What are the prime factors of 1058070606?
2, 3, 10181, 17321
List the prime factors of 734941935.
3, 5, 7, 13, 25639
What are the prime factors of 209549953?
6029, 34757
List the prime factors of 420747606.
2, 3, 1049, 22283
List the prime factors of 270071372.
2, 67, 1007729
List the prime factors of 18331712.
2, 7, 17, 29, 83
List the prime factors of 118695088.
2, 17, 23, 18973
List the prime factors of 1273953841.
1273953841
List the prime factors of 998370674.
2, 7, 71312191
List the prime factors of 14166425.
5,